 13) to base 11
230245
What is -387062 (base 9) in base 14?
-617d0
1bc33 (base 13) to base 10
54798
What is 345261 (base 10) in base 8?
1242255
What is -28938 (base 10) in base 8?
-70412
What is -116291 (base 15) in base 14?
-178ad6
Convert -2320424100 (base 5) to base 4.
-110001122022
-11000011010111110010110 (base 2) to base 12
-21889b2
125513 (base 6) to base 10
11637
Convert 1313300312 (base 4) to base 2.
1110111110000110110
-505772 (base 9) to base 8
-1111002
What is -256000 (base 9) in base 14?
-40833
214114420 (base 5) to base 2
11100010001000011011
What is 11051101 (base 6) in base 4?
1101120031
-210110201212 (base 3) to base 11
-269587
What is 10434101213 (base 5) in base 9?
23783032
Convert 213623051 (base 7) to base 9.
26087765
What is 7edf1 (base 16) in base 13?
1526c3
110111000000100100110001 (base 2) to base 15
13eca18
What is -344013124 (base 5) in base 7?
-16104604
-5331025 (base 6) to base 3
-111020122122
351000245 (base 6) to base 13
1460b61
What is -1102021013 (base 4) in base 9?
-562468
Convert -3653550 (base 7) to base 10.
-467103
-20102021111110 (base 3) to base 6
-201033533
Convert 3186 (base 16) to base 5.
401203
Convert 101010100001000101 (base 2) to base 7.
1323503
What is -110212023 (base 4) in base 8?
-244613
Convert 2629004 (base 10) to base 9.
4846275
-1123131031 (base 4) to base 14
-9a737
What is 1140010 (base 9) in base 14?
120a91
-110111101010011011011 (base 2) to base 10
-1823963
Convert 1a7ab (base 15) to base 12.
419bb
What is -560c2c (base 13) in base 6?
-111301401
400400 (base 5) to base 3
122021200
-806652 (base 12) to base 10
-2001950
Convert 42b7b (base 12) to base 6.
1515435
What is -1253457 (base 8) in base 3?
-122210002221
2a16738 (base 12) to base 13
19b461c
1110010001011101011000 (base 2) to base 4
32101131120
-2001120012 (base 3) to base 13
-1558a
What is -22121133 (base 5) in base 11?
-121315
Convert -125104310 (base 7) to base 4.
-132211220201
What is 41229 (base 16) in base 4?
1001020221
What is 4a3773 (base 11) in base 8?
3021616
Convert -10202111011122 (base 3) to base 10.
-1997585
What is -138cd (base 16) in base 12?
-3a411
-197295 (base 12) to base 11
-286610
-179b09 (base 15) to base 9
-2136760
What is 5540036 (base 7) in base 5?
133310121
-1602452 (base 7) to base 16
-35912
What is -10652033 (base 7) in base 16?
-e4c8c
404423 (base 6) to base 11
22157
1f4be5 (base 16) to base 12
82ab45
Convert 5a7931 (base 15) to base 4.
100200311311
-352865 (base 12) to base 3
-1121102122112
4074 (base 16) to base 13
7683
Convert 702758 (base 15) to base 11.
3007030
13517048 (base 9) to base 14
c5dd41
What is 101321211 (base 4) in base 6?
1323233
What is 341034 (base 9) in base 3?
101101001011
1137310 (base 10) to base 6
40213154
683760 (base 10) to base 4
2212323300
92378 (base 12) to base 11
120227
4821147 (base 11) to base 15
b10777
Convert -1ef221 (base 16) to base 8.
-7571041
What is -242046 (base 8) in base 2?
-10100010000100110
Convert 4498b (base 12) to base 3.
11122011222
554d9 (base 14) to base 4
302132313
What is -5a9a9 (base 13) in base 9?
-273267
Convert 111654 (base 11) to base 5.
21142213
What is -13212313 (base 4) in base 5?
-1444114
Convert 1487680 (base 9) to base 3.
1112221202200
Convert -1197771 (base 12) to base 16.
-346885
What is -134145 (base 7) in base 2?
-110001101111000
Convert 122112032 (base 6) to base 2.
1000111011110110110100
-11000111010100010 (base 2) to base 15
-20385
What is 6832 (base 13) in base 6?
151251
Convert -111220212022 (base 3) to base 7.
-2220563
-413472 (base 8) to base 15
-2a8e8
Convert 244b82 (base 15) to base 13.
48aa21
What is 155223522 (base 7) in base 3?
201202222122120
-4440463 (base 8) to base 13
-32b6c1
261746 (base 8) to base 11
624a8
What is -133621 (base 7) in base 15?
-779d
What is -4155242 (base 6) in base 14?
-538ca
189537 (base 10) to base 13
6836a
What is 5275a1 (base 15) in base 6?
220030054
What is -7668137 (base 9) in base 16?
-3edc8e
What is 553615 (base 7) in base 4?
113301133
Convert 204746 (base 8) to base 7.
402312
Convert -270316 (base 10) to base 5.
-32122231
-24ced (base 15) to base 2
-11100101110101001
What is 5b909 (base 13) in base 6?
3340034
What is 101101010011101010101 (base 2) in base 8?
5523525
What is -12534682 (base 9) in base 7?
-103252406
507277 (base 10) to base 9
852761
What is 247772 (base 8) in base 4?
110333322
What is 2203035 (base 7) in base 8?
1017217
Convert -742d3b (base 16) to base 5.
-3422120010
What is -1159b01 (base 13) in base 10?
-5362540
Convert 1122002120 (base 3) to base 14.
ba01
123111120 (base 4) to base 6
2222200
Convert 13066512 (base 7) to base 13.
32a153
-54244600 (base 7) to base 8
-21531153
What is 322aa3 (base 12) in base 4?
3001212123
What is -1110101000110110001100 (base 2) in base 4?
-32220312030
What is 2011102100110 (base 3) in base 12?
475540
What is 3550464 (base 7) in base 14?
b99db
-452a3 (base 14) to base 11
-105184
-2718567 (base 10) to base 11
-1597555
Convert -1ed105 (base 15) to base 16.
-171326
What is a915a (base 12) in base 10?
223126
What is -12b113 (base 15) in base 6?
-31125213
Convert 1201200021201 (base 3) to base 10.
918748
Convert -111352 (base 8) to base 15.
-b225
-212032 (base 9) to base 13
-45557
Convert 658d3 (base 16) to base 4.
1211203103
430416 (base 14) to base 7
25162226
Convert 35ad5b (base 16) to base 4.
31122311123
Convert -110110100101100000 (base 2) to base 6.
-4443040
What is -3031653 (base 7) in base 13?
-c830a
Convert -1164a24 (base 12) to base 9.
-6302441
1330200300 (base 4) to base 15
a11a0
Convert -243082 (base 13) to base 10.
-863527
101220102211 (base 3) to base 10
214645
What is 6909 (base 13) in base 10?
14712
Convert 5254546 (base 7) to base 2.
10011011001001111011
Convert -2021000121 (base 3) to base 10.
-44485
-203233231 (base 4) to base 5
-14141123
Convert -572153 (base 10) to base 16.
-8baf9
What is 11202220 (base 5) in base 14?
287b0
-10231432013 (base 5) to base 7
-160616301
Convert -328815 (base 12) to base 14.
-16c8a5
Convert -100101001110111101 (base 2) to base 6.
-3134021
-2322002 (base 6) to base 13
-42611
-36016643 (base 7) to base 12
-109504b
Convert -146c22 (base 15) to base 5.
-223003412
-2408a (base 13) to base 8
-200750
-113012012 (base 4) to base 13
-3409a
-552605 (base 7) to base 11
-66995
What is 455414335 (base 6) in base 4?
133333010303
Convert 315275 (base 9) to base 6.
4004235
Convert -33272b (base 16) to base 7.
-40331440
What is -244666 (base 7) in base 16?
-af84
Convert -30365 (base 11) to base 7.
-243215
Convert 10010001010110000110001 (base 2) to base 5.
2204401143
What is -24124604 (base 8) in base 9?
-10846360
What is 161c1 (base 13) in base 12?
20419
Convert -15636422 (base 9) to base 16.
-774e75
Convert -b22575 (base 15) to base 4.
-200102000120
What is 11012022121001 (base 3) in base 13?
6012b8
Convert -23a5769 (base 11) to base 14.
-7ab5c2
-1011011011001110 (base 2) to base 9
-71167
-2124454 (base 6) to base 12
-5072a
542221 (base 7) to base 11
64a53
Convert 72904 (base 11) to base 5.
11344432
110000010010010000001 (base 2) to base 10
1582209
11332011013 (base 4) to base 8
5760507
What is -27866 (base 15) in base 6?
-2414523
111011000110110001000 (base 2) to base 7
22314402
-330c (base 14) to base 6
-104520
What is -ccd12 (base 14) in base 3?
-221020001022
2213121323 (base 4) to base 3
1021211120222
What is -1001101101001111100011 (base 2) in base 8?
-11551743
32011133120 (base 4) to base 14
6c1944
Convert 210030 (base 4) to base 7.
6516
Convert 4013103 (base 6) to base 9.
316643
-10478ab (base 13) to base 5
-2232123200
121000101021 (base 3) to base 6
10431141
What is -7071067 (base 8) in base 13?
-503708
What is 17351246 (base 8) in base 4?
33131022212
-1211230 (base 6) to base 14
-1937c
What is 408 (base 15) in base 13?
54b
121201121020122 (base 3) to base 2
100001111010001000101100
-6084a (base 16) to base 6
-12250134
What is 29369 (base 13) in base 9?
127258
Convert 100111000010111011110 (base 2) to base 15.
1a416e
What is -4003310332 (base 5) in base 16?
-78141b
What is -21817 (base 12) in base 6?
-541231
Convert 172448 (base 9) to base 13.
397c7
Convert -1120130212 (base 4) to base 13.
-c8b87
What is -1657216 (base 10) in base 7?
-20041351
Convert 11214a (base 12) to base 13.
97495
What is 10002101